 = q - 6. Suppose -21 = -10*t + 7*t. Let k be (-8)/t*(-7)/2. Let b be f(k). Give r(b).
1
Let l(x) = x**3 + 10*x**2 + 9*x + 4. Let m be (75/10 + -3)/((-4)/8). Give l(m).
4
Suppose -8*z = -9*z. Suppose i + 4*i = z. Suppose 5*r + 5 + 5 = i. Let o(l) = -3*l**2 - l - 2. Calculate o(r).
-12
Let r(m) = -m**3 - 2*m**2 + m - 2. Let v(o) = 6*o**3 - 2*o**2 - 5*o + 3. Let y(c) = -5*r(c) - v(c). Determine y(12).
7
Let m(l) be the first derivative of -3*l**2/2 + 169. Give m(-1).
3
Let i(b) be the first derivative of b**2/2 + 8*b - 88. Calculate i(-9).
-1
Let t(n) = -n + 18. Let c = -28 - -39. Let m be t(c). Let d(z) = 8 - 7 - 4*z + m*z. What is d(-5)?
-14
Let r(d) = 23*d**2 + 5*d - 2. Let n(t) = 12*t**2 + 3*t - 1. Let c(u) = 5*n(u) - 3*r(u). What is c(1)?
-8
Let u(j) = j**3 + j**2 + 7. Let h be 5 + (-1*1)/(5/15). Let l be ((-20)/8 + h)*0. Calculate u(l).
7
Let f(w) be the third derivative of w**6/120 + w**5/15 - w**4/4 + w**2. Suppose 15 = 7*j - 2*j. Let n be (-2 + -3)/(3/j). What is f(n)?
5
Let x(n) = -2*n**2 + 12*n - 16. Let l(h) = h**2 - h + 2. Let g(v) = -3*l(v) - x(v). Give g(-10).
0
Suppose 2*g = -8 - 0. Let r(n) = 21*n**2 + 0*n + 3 + n + 28*n**2 - 87*n**2 + 37*n**2. Calculate r(g).
-17
Let v(q) = q**2 - 8*q + 6. Let h(s) = -10*s - 1. Let y be h(-1). Let f = 3 + y. Let w = f - 6. Give v(w).
-6
Let j(h) be the third derivative of h**7/280 + h**6/120 + h**5/60 - 2*h**3 + 18*h**2. Let v(c) be the first derivative of j(c). Give v(-2).
-16
Let g(o) = o**2 + o - 16. Let f be 6 - 8/6*(-1005)/(-134). Give g(f).
-4
Let s(x) = -12*x**2 + 6*x + 10. Let a(o) = o**3 + o**2 + o - 1. Let f(z) = -a(z) - s(z). Determine f(10).
21
Let y(d) = d**2. Let l(o) = o**2 + 3*o + 3. Let i(p) = l(p) - 2*y(p). Let g = -12 + 16. Suppose 3 = g*j - 3*j. Calculate i(j).
3
Let n be (-13)/(-104) - (-23)/8. Let b(m) = 4*m - 11 - 5*m + m**3 + 9 - 2*m**n. Let r be 2/(-3) + (-4)/3. Determine b(r).
8
Suppose l + 3*l = -4. Let m(o) = 3*o**2 - o**2 - 17*o**3 + 21*o - 19*o + 1. Calculate m(l).
18
Let h(s) = -9130*s**2 + s**3 - 17 - 9 - 26*s + 9140*s**2. What is h(-12)?
-2
Let y(p) = -p**3 - 2*p**2 + 2*p. Let a be (0 - 0/4) + -2. Let k be 0 + 0 + 4/a. Determine y(k).
-4
Let r(v) = -v + 7. Let o be r(0). Let a(c) = 3*c**2 - 2*c + 1. Let h(g) = -8*g**2 - 6. Let j(p) = 3*a(p) + h(p). What is j(o)?
4
Let u(i) = -7*i - 2. Suppose 20 = -17*j + 13*j. Calculate u(j).
33
Let j(h) = h**3 + h**2 - 3*h + 7. Let m be j(0). Let u(c) = -7 + m*c - 6*c + 0*c. Calculate u(8).
1
Let g(p) be the third derivative of -p**7/840 - p**6/360 + p**5/40 - p**4/12 - p**3/6 - p**2. Let a(h) be the first derivative of g(h). Determine a(-3).
7
Let m be (0 - -1)*(3 - (-68)/4). Suppose 0 = -2*h - 3*h - m. Let t(y) = y**2 + 5*y - 3. Determine t(h).
-7
Suppose 2*c - 4*c = 6. Let g(k) be the second derivative of -k**3/3 - k**2 - 13*k. Calculate g(c).
4
Let t(j) = j - 1. Let q(b) = -b**3 - 35*b**2 + 36*b - 7. Let y be q(-36). Give t(y).
-8
Let u(y) = -2*y**3 + 21*y**2 - 30*y + 26. Let x be u(9). Let r(t) = -6*t - 4. Determine r(x).
2
Let g(h) = h**2 - 36*h + 24. Let x be g(35). Let c(o) = o**2 + 10*o + 2. What is c(x)?
13
Let y(v) = 3*v**3 + 4*v**2 - 9*v - 2. Let b(r) = -2*r**3 - 3*r**2 + 5*r + 1. Let w(i) = -5*b(i) - 3*y(i). Give w(-3).
-5
Let o(d) = 2*d**2. Let x = -108 + 105. Give o(x).
18
Let n(d) = -6*d + 14*d + 75 - 71. Determine n(3).
28
Suppose 5*p - 16 = 2*t, 4*p + t = -2*t - 1. Let l(d) = d - d - 2*d - 2 + d**p. Give l(3).
1
Let w(r) = 4*r + 5. Let o be w(1). Let i(p) = -p**3 + 9*p**2 - p + 6. What is i(o)?
-3
Let x(t) be the first derivative of t**2 + 7*t + 2. Suppose 5*j - 4*c = -45, 6*j - 5*j = 2*c - 15. Give x(j).
-3
Let v(r) = 2*r**3 - r**2 + r. Suppose 5*p = i + 13, 15*p - 4*i - 10 = 16*p. Calculate v(p).
14
Let u(j) be the second derivative of j**5/20 - j**3/6 - j**2/2 + j. Let z = 1202 + -1202. Calculate u(z).
-1
Let s(m) = 4*m + 38. Let f = 127 + -137. Calculate s(f).
-2
Let d = -1 - -4. Let x(q) = -q**2 + 12*q - 25. Let y be x(8). Let w(v) = -y + 9 - 3 + 3*v - v**2. Give w(d).
-1
Let x(o) = 2*o + 8. Let q(l) = -l**2 - 15*l - 8. Let p be q(-13). Suppose 11*d - 8*d = -p. What is x(d)?
-4
Let b(n) = -n**3 + 11*n**2 - 9*n - 8. Let u(w) = -w**3 + 25*w**2 - 2*w + 9. Let m be u(25). Let l be ((-2)/(-2)*1)/(m/(-410)). Give b(l).
2
Let d = -15 - -64. Suppose 29 = z - i - 3*i, -4*i + d = 5*z. Let p = z - 10. Let l(g) = -g**2 + g - 2. What is l(p)?
-8
Suppose -c = -3*o + 7 - 25, 2*c - 21 = 3*o. Let b(d) = c*d - 3*d + 3 + 3 - d. Let y(f) = -f**3 + 4*f**2 - 2*f + 3. Let u be y(3). What is b(u)?
0
Let v(p) = -p + 3. Suppose i - 5 = 0, -3*i - 14 + 49 = 5*l. What is v(l)?
-1
Let n(f) = -8*f**3 - 2*f**2 - 6*f - 10. Let c(i) = -3*i**3 - 3*i - 3. Let u(k) = -11*c(k) + 4*n(k). Suppose -2*y = 3*y - 35. Calculate u(y).
7
Let h(f) = -2*f - 84 - f**3 - 7*f**2 + 79 + 2*f**2 + 9*f. What is h(-6)?
-11
Let j(w) = 5*w - 148 + 163 - 4*w + w + 0*w. Give j(-3).
9
Let u(q) = -120*q**2 + 56*q**2 - 3*q + 63*q**2 + 9. Determine u(-4).
5
Let y(a) = a**3 + 2*a**2 - 1. Suppose -2*q - 4*d = 124, 0 = -q + d - 43 - 28. Let c = -67 - q. What is y(c)?
2
Let y(m) = m**2 + 3*m + 4. Suppose -17*a - 33 = -6*a. Determine y(a).
4
Let z(a) = -3*a**3 - 11*a**2 - 9*a - 1. Let n(x) = -2*x**3 - 9*x**2 - 7*x - 1. Let m(o) = 4*n(o) - 3*z(o). Give m(4).
11
Let f(r) = 70*r + 10. Let q be f(-3). Let l be -1 - (4/(-18) - q/90). Let g(i) = i**2 + 4*i + 1. Calculate g(l).
-2
Let b(i) = 11*i**3 + 22*i**2 - 10*i - 45. Let x(f) = 2*f**3 + f**2 - 2*f - 1. Let c(t) = b(t) - 6*x(t). What is c(16)?
-7
Let g(s) = -s**3 - 5*s**2 + s + 2. Let r(l) = -l**3 - 7*l**2 - 6*l + 3. Let m be r(-6). Suppose -v - m*v + 5*j - 30 = 0, -3*v + 5*j = 25. Give g(v).
-3
Let q(i) be the third derivative of i**6/360 - i**5/60 + i**4/12 - 2*i**3/3 + i**2. Let t(m) be the first derivative of q(m). Calculate t(2).
2
Let v(r) = -15*r - 6. Let j(z) = -7*z - 2. Let a(w) = -7*j(w) + 4*v(w). What is a(6)?
-76
Let k(v) = 23*v + 26. Let c(i) = 4*i + 4. Let f(d) = 4*c(d) - k(d). Determine f(-3).
11
Let w(p) = 5*p**2 + 2*p. Suppose 35 = 16*b + 3. Calculate w(b).
24
Let p(s) = -s**2 + 5*s + 5. Let a(c) = c**2 + 8*c - 57. Let b be a(-13). Give p(b).
-19
Let o(h) be the third derivative of h**6/120 - h**5/12 + h**4/24 + 7*h**3/6 - 285*h**2. Determine o(3).
-8
Let a(q) be the second derivative of 2*q**5/5 + q**4/12 - q**3/6 + 2*q. Let l = 22 - 21. Determine a(l).
8
Suppose -4*y - 5*v + 20 = 0, 5*v = -8*y + 6*y + 10. Let h(n) = -n. Let m(q) = 53 - 3*q - 59 + q**2 - 4*q. Let r(j) = 3*h(j) - m(j). Determine r(y).
1
Let m(k) be the third derivative of -k**6/120 + k**5/12 - k**4/12 + 20*k**2 - k. Give m(5).
-10
Suppose -r + 2*n = n, -10 = -2*n. Let c be (-2)/9 + (-29)/(-9). Suppose 5*u = -r*g - 5, c*g - 5 = -u - 0*g. Let s(a) = -a**2 - 3*a - 1. Give s(u).
-5
Let i(z) = 29*z - 1. Let v(k) = 14*k - 2. Let t(o) = i(o) - 2*v(o). Suppose c = 2*y + 5, 0*c - 2*c + y = 2. Give t(c).
0
Let d(c) = -c + 3. Let l(o) = o + 11. Let m(k) = 5*k - 15*k + 12*k + 21. Let u(g) = -11*l(g) + 6*m(g). Let b be u(-9). Give d(b).
7
Let u(s) = -s**2 + s - 3. Let q be (-60)/(-32) - (-1)/8. Suppose -5*a + 7 = -4*p, -5*a + a - q*p = -16. Determine u(a).
-9
Suppose 4*s - 3*o - 24 = 0, 4*o = o. Let x(d) = -7 - 4*d**2 + s + d**3 - 6. What is x(5)?
18
Suppose -61 = -4*d + 11. Suppose -d + 48 = 5*j - 5*v, -5*j + 30 = -2*v. Let k be (j/18)/(1/(-9)). Let y(w) = -w**3 - 2*w**2 + 3*w + 1. Calculate y(k).
1
Let f(q) = q**3 + 4*q**2 + q + 1. Let b(j) = -3*j**2 + j - 4. Let o be b(-2). Let s be (-5)/(-2 + (-14)/(-6)). Let n = o - s. Determine f(n).
7
Let p = 123 + -114. Suppose -p = 6*s + 3. Let g(k) = k**2 + 3*k + 1. Give g(s).
-1
Let x(q) = q**2 + 3*q - 5. Let n = 18 - 13. Suppose -i = -n*c + 3*i - 6, 2 = 3*c - i. Let d be c*(15/(-10) + -1). Give x(d).
5
Let m(c) = -4*c**2 + 13*c - 3. Let n(l) = 3*l**2 - 8*l + 2. Let k(s) = -5*m(s) - 7*n(s). Calculate k(-11).
-21
Let d(u) = -u - 5. Suppose v = -0*v + 4. Suppose -r - v = 3*r. Let k be (-1 - r)/(4 + -5). Determine d(k).
-5
Suppose 0 = -4*v - 7 + 51. Let j(z) = -z**2 + 9*z + 15. What is j(v)?
-7
Let i(n) = n**3 - 2*n**2 - 3*n - 1. Suppose -8 = -4*u, -33*d + 2*u = -35*d - 2. Determine i(d).
-37
Let f be (7/14)/(((-3)/36)/1). Let s(m) = -6*m + m**2 + m**3 + 4*m**2 + 2 + 3. Determine s(f).
5
Let f(j) = j + 12. Su